me factors of g?
43
What are the prime factors of (2302 + -1)*(14 + -20 + 11)?
3, 5, 13, 59
Suppose i - 23 = 2*i. Let y = -38 + 82. Let x = i + y. What are the prime factors of x?
3, 7
Let n = 10907 - -1162. List the prime factors of n.
3, 149
Let h = 36 - 4. Let m(v) = -17*v**2 + 90*v**3 - 3*v + 2 + h*v**3 + 10*v**2 + 9*v**2. List the prime factors of m(1).
3, 41
Let c(l) be the first derivative of 2*l**3/3 - 31*l**2/2 + 4*l - 12. What are the prime factors of c(16)?
2, 5
Let i(x) = 61*x + 29. Let p(t) = 62*t + 28. Let k(f) = 4*i(f) - 5*p(f). List the prime factors of k(-4).
2, 3, 5
Suppose -y = -4*n + 6, -10 = -2*y - 3*n - 0*n. Let p(m) = 13*m + y + 1 + 3. List the prime factors of p(6).
2, 3, 7
Suppose 2*w - 5*w = -3*u, -2*u + w - 2 = 0. Let i be (110/40)/(u/(-112)). Let q = i + -108. What are the prime factors of q?
2, 23
What are the prime factors of (2614 - 0)*41/861*357?
2, 17, 1307
Let y(o) = o**3 - 3*o**2 - 43*o + 725. What are the prime factors of y(21)?
2, 5, 97
Suppose 0 = -17*f + 19*f - 10. Suppose r - 132 = 2*b, 5*r - 2*r = f*b + 393. Suppose -r = -m + 130. What are the prime factors of m?
2
Suppose -207*i + 4300824 = -119*i. What are the prime factors of i?
3, 11, 1481
Let u be (-3 - -4 - -4) + 401. Suppose 4*q + u = n + 81, 2*n - q = 685. List the prime factors of n.
3, 5, 23
Suppose 3*q + 7194 = 9*q. Let c = q + -569. List the prime factors of c.
2, 3, 5, 7
Let p(c) = 108*c - 231. List the prime factors of p(36).
3, 23, 53
Let f(x) = 2*x**2 - 5*x + 74. Let n(r) = -r**2 + r - 1. Let o(j) = -f(j) - 4*n(j). Let v be o(0). Let m = 34 - v. What are the prime factors of m?
2, 13
Suppose 13*p = 21453 + 8681. List the prime factors of p.
2, 19, 61
Let m = 136 - 134. What are the prime factors of (m*(-3)/(-6))/((-2)/(-92))?
2, 23
Let s = -644 + 427. Let y be 4017/(-27) - (-4)/(-18). Let g = y - s. What are the prime factors of g?
2, 17
Suppose -73397 = 458*l - 460*l + x, -3*x + 183542 = 5*l. What are the prime factors of l?
17, 127
Let m(q) = 2*q + 4. Let s be m(-4). Let u be (s/6)/((-12)/90). Suppose u*b + 713 = 4*n, n - 4*n + b = -521. List the prime factors of n.
2, 43
Suppose -3*x + 3*k = 15, 4 - 19 = 3*x + k. Let j be -3 + 1 - (-17 + 4 - x). Suppose j*d + 44 = 1238. List the prime factors of d.
199
Let y(r) = -6*r + 18 + 9*r + 91*r**2 + 2*r - 4*r - 3*r. What are the prime factors of y(4)?
2, 733
Let s(y) = 2*y**3 - 11*y**2 + 5*y + 5. Let q be s(5). Suppose -3*m - 3*l = -l - 404, 5*l + 715 = q*m. What are the prime factors of m?
2, 3, 23
Let p be (123/(-9))/((-104)/(-36) + -3). Suppose -122*a - 326 = -p*a. List the prime factors of a.
2, 163
Suppose 0 = 71*b + 86*b - 1952609. What are the prime factors of b?
12437
Let x = 481 - -2433. What are the prime factors of x?
2, 31, 47
Let r = 5282 - -19841. What are the prime factors of r?
7, 37, 97
Suppose 2*n + n = -3*v + 18, 3*n - 5*v = 2. Suppose n*i - 5*i + 5*j = -1457, -4*i = -2*j - 5882. Suppose -i = -26*s + 10*s. What are the prime factors of s?
2, 23
Suppose 0 = -23*z + 40*z - 1462. Suppose -90*x = -z*x - 5172. What are the prime factors of x?
3, 431
Let u(q) = 7*q**2 + 87*q - 31. List the prime factors of u(31).
3, 31, 101
Suppose 10*n = -6*n + 337662 + 88850. What are the prime factors of n?
19, 23, 61
Let t = -179087 + 254438. What are the prime factors of t?
3, 25117
Let z(j) = j**3 + 27*j**2 + 7*j - 44. List the prime factors of z(8).
2, 563
Let g = -672 - -5660. What are the prime factors of g?
2, 29, 43
Suppose -9*u + 9 = -6*u. Suppose 3 = u*v - 3. Suppose 3*n - 34 = v*n. List the prime factors of n.
2, 17
Let y be 9/21 + (-84796)/(-119). Let g = -458 + y. What are the prime factors of g?
3, 5, 17
Suppose 9*x - 35661 - 29550 = 46749. What are the prime factors of x?
2, 5, 311
Let o(z) = -z**3 - 22*z**2 - 52*z - 71. What are the prime factors of o(-23)?
2, 827
Suppose -3*c = -2*l - 2, 2*c + 12*l - 33 = 7*l. Suppose -928 = -c*u - 3*h, 3*u + 7*h = 2*h + 696. What are the prime factors of u?
2, 29
Suppose -3*n - 1 - 11 = 0. Let b be (2/10*n)/((-2)/35). What are the prime factors of (496/(-6))/(b/(-21))?
2, 31
Let q be (0 + -230)*-1 + 4 + -4. Suppose -5*v + 2*c + q + 309 = 0, -v + 4*c = -115. Suppose 4*x + l - v = 148, 5 = -5*l. List the prime factors of x.
2
Let x = -569 - -3754. What are the prime factors of x?
5, 7, 13
Suppose -6*i = 9*i - 45. Suppose -i*f = f - 1224. What are the prime factors of f?
2, 3, 17
Let z(m) = 4*m**2 - 3*m + 3. Let y be z(3). What are the prime factors of (-135)/y*(421/(-3) - -1)?
3, 11, 19
Let q be (-1)/(16/(-8))*(-1 + 5). Suppose -q*i - 3262 = -5*z + 2092, -3*z + 3228 = 4*i. What are the prime factors of z?
2, 67
Let u(j) = j**2 + 25*j + 16. Let q be 2784/176 - 4/(-22). List the prime factors of u(q).
2, 3, 7
Suppose s + 5 = 0, 3*s + 29 = -a + 12. Let j(n) = 146*n**2 - n - 4. List the prime factors of j(a).
2, 3, 97
Let h(u) = 3*u - 10. Let x be h(4). Suppose 0*p + 2*n = 2*p + 40, -x*n = 5*p + 93. List the prime factors of p*6*(-8)/12.
2, 19
Suppose 0 = -4*y + 2*d - 84, y - 64 = 4*y - 2*d. Let w = -18 - y. List the prime factors of (0/w)/(-1 + 2) + 144.
2, 3
Suppose 244*x = 269*x - 2287225. What are the prime factors of x?
191, 479
List the prime factors of 686301/(-770)*(-11 - -1).
3, 2971
Let t(p) = 78*p**2 + 57*p + 917. What are the prime factors of t(-17)?
2, 5, 13, 173
Suppose -4*k + 70136 = 2*d, -4*k - 16*d = -11*d - 70136. What are the prime factors of k?
2, 11, 797
Let r be -22 + 7/(56/32). List the prime factors of (-9)/(162/(-12)) + (-8898)/r.
3, 5, 11
Let u be (4 - (1 + 1)) + 101. Let w = 754 - u. List the prime factors of w.
3, 7, 31
Suppose 15138 = 2*t - 7038. What are the prime factors of t?
2, 3, 7, 11
Suppose -3220*h = -3230*h + 184230. What are the prime factors of h?
3, 23, 89
Suppose 0 = -17*u + 102 + 68. List the prime factors of 905*(-2)/u*-1.
181
Let i(d) = d + 8. Suppose -22*f + 21*f - 5 = 0. Let l be i(f). Suppose -4*r + 3*r - 467 = -4*n, 0 = 3*r - l. What are the prime factors of n?
3, 13
Let f(m) = 25*m - 25. Let l = -211 + 218. What are the prime factors of f(l)?
2, 3, 5
Suppose 194 + 1136 = 5*y. List the prime factors of y/(3/1 - (-50)/(-20)).
2, 7, 19
Let w = 6692 - 3584. Suppose 2*j - 2*k = w, 4*k - 8 = 6*k. List the prime factors of j.
2, 5, 31
Let r = 51 + -35. Suppose -19*l + r*l = -9. Let k(x) = 2*x**3 + 8*x**2 - 2*x - 2. List the prime factors of k(l).
2, 59
Let k = -1946 + 1007. Let w = k - -2058. List the prime factors of w.
3, 373
Suppose -5*z - 3 = 4*q, -4*q = 4*z - 6*z - 18. Let s be ((-1)/q)/((-10)/(-90)) - -3. Suppose 10*g - 908 + 218 = s. List the prime factors of g.
3, 23
List the prime factors of (-83667)/(-6) + ((-261)/18 - -17).
3, 4649
Suppose 0 = 15*u - 83480 + 7430. What are the prime factors of u?
2, 3, 5, 13
Let s = 99 - 95. Let o = s - 11. List the prime factors of (-20628)/(-126) - 2/o.
2, 41
Let q = -5239 + 6093. Suppose 1 = -3*m + 19. Suppose -q = -m*p - p. List the prime factors of p.
2, 61
Let u(f) = 20 + 18*f**2 - f**3 - 3*f - 3*f**2 - 3*f. Suppose -3*z - 2*i = -7*i - 57, z + 3*i = 5. What are the prime factors of u(z)?
2, 3, 11
Let j(h) = 5*h - 16. Let n be j(4). Suppose 163 + 109 = n*s. What are the prime factors of s?
2, 17
List the prime factors of ((-67160)/(-12))/(-23)*((-3)/(-3) + -19).
2, 3, 5, 73
Let g = 159 + -139. Let n = 485 - g. What are the prime factors of n?
3, 5, 31
Suppose 29*m - 14*m = 0. Suppose -j + 2*j = -2*i + 1005, -i + 2*j + 510 = m. List the prime factors of i.
2, 3, 7
Let f(w) = w**2 - w - 2. Let j be f(-1). Suppose -u - 11*u + 60 = j. Suppose -o = -k + 98, 3*k - 374 = -k - u*o. List the prime factors of k.
2, 3
Let a(k) = -318*k + 230. Let c be a(-4). Suppose c = -8*d + 12902. What are the prime factors of d?
3, 5, 19
Let b = 197 - 117. Let w = 8 + b. List the prime factors of w.
2, 11
Let o = -1634 + 3152. List the prime factors of o.
2, 3, 11, 23
Suppose 13*t = 17*t - 1568. Let w(u) = 9*u + 18*u + 393 - t. List the prime factors of w(2).
5, 11
Let t be 6036/16 + (18/(-8))/(-3). Suppose 3*v + 4*i = t, 2*v - 9*i + 12*i = 251. List the prime factors of v.
2, 5, 13
Let c be 29/((-1)/(-12) + 0). Suppose c + 637 = 5*h. Let x = h - 126. What are the prime factors of x?
71
Suppose 2*m = -9 - 1. Let c(u) = -u**3 - 4*u**2 + 5*u + 3. Let f be c(m). Suppose -f*z + 3*